 h(t) = 3*t**3 + 22*t**2 + 44*t - 38. Let w(v) = v**3 + 7*v**2 + 15*v - 13. Let u(b) = -3*h(b) + 8*w(b). List the prime factors of u(o).
37
Let c(h) = 2*h - 12. Let j be c(6). Suppose -4*r - 3*q - 76 = 0, 0*r + 2*r - 4*q + 16 = j. What are the prime factors of 23/5 + r/(-40)?
5
Let u = -5018 - -7027. List the prime factors of u.
7, 41
What are the prime factors of (-12)/(-20) + (-7314)/(-10)?
2, 3, 61
Let u(l) = 9*l**3 - 16*l**2 - 19*l - 37. List the prime factors of u(8).
5, 7, 97
Suppose p = 5 + 1. Let c(n) = 5*n + 4. Let y be c(p). Let a = 54 - y. What are the prime factors of a?
2, 5
What are the prime factors of 1 + (1568 - (6 - 4 - -2))?
5, 313
Suppose 84*g - 83*g - 933 = 0. Suppose g = 9*l + 33. What are the prime factors of l?
2, 5
Suppose 0 = 5*l - l - 16. Suppose -l*a + 285 = -27. List the prime factors of ((-9)/(-2))/(13/a).
3
Let c(m) = -10*m**2 + 2*m - 1. Let y be c(1). Let l be 36/y + (38 - -1). Suppose 0 = 2*r + 3*r - l. List the prime factors of r.
7
Suppose 2*o - 2 = 2*b, 0*o = -5*o + 3*b + 15. Suppose 4*w - o = 3*w. List the prime factors of (-2)/w*102/(-2).
17
Let s(a) = 8*a**2 - 7*a - 9. Let j(z) = 7*z**2 - 6*z - 8. Let d(i) = 6*j(i) - 5*s(i). Let v be ((-2)/4)/((-2)/12). List the prime factors of d(v).
2, 3
Let m = -17 + 22. Suppose 3*g - 5*s = -s + 149, -m*s = -g + 35. What are the prime factors of g?
5, 11
Let b(y) = 154*y**3 - y**2 + 3*y - 3. Let w(g) = -g**2 - 25*g - 65. Let n be w(-22). List the prime factors of b(n).
3, 17
Let i = -55 + 258. List the prime factors of i.
7, 29
What are the prime factors of 6/(-14) - (-10596)/28?
2, 3, 7
Let j = -20 - -22. Let s be (-1 - 0) + j - -23. What are the prime factors of s/(-32) + (-63)/(-4)?
3, 5
Suppose -3*b + 3 = -4*b. Let h = -2 + b. What are the prime factors of 14/1 - (-7 - h)?
2
Let i be ((-8)/4)/4*-10. Suppose 0 = 7*t - i*t - 8. List the prime factors of t.
2
Let u = -229 - -274. List the prime factors of u.
3, 5
Let k = 1555 + -826. What are the prime factors of k?
3
Let d(l) = -l**3 - 2*l**2 + 2*l + 544. List the prime factors of d(0).
2, 17
Suppose -28 = 30*n - 34*n. Suppose y + 492 = n*y. List the prime factors of y.
2, 41
Suppose 4*s = -1 + 17. Suppose 0 = -5*m - s*v - 65, 4*m - 4 = 4*v - 20. Let z(i) = i**2 + 5*i - 6. List the prime factors of z(m).
2, 3, 5
Suppose -l = -6 - 21. Suppose -h = -6*h + 20. Suppose q + l = 2*g, h*g - q - 26 - 27 = 0. List the prime factors of g.
13
What are the prime factors of (-16)/(-120) - 4284/(-270)?
2
Let k(p) be the third derivative of -p**5/30 + 13*p**4/24 - p**3 - 9*p**2. Let d be k(9). List the prime factors of -3 + (-5)/(15/d).
2, 7
Suppose 0 = 2*u - t - 4958, -2*u + t + 12395 = 3*u. What are the prime factors of u?
37, 67
Let j be (-1)/(-3) + 116/12. Let b be (-228)/60 + (-2)/j. What are the prime factors of (b + 7 - 2) + 69?
2, 5, 7
Let z(t) = -5*t - 45. Let v be z(-10). Let q(x) = 13*x + 18. What are the prime factors of q(v)?
83
Suppose 4*g - 5*h - 74 = -0*h, 5*g = -h + 78. Suppose g*k - 282 = 13*k. What are the prime factors of k?
2, 47
List the prime factors of 349/(2 - 1) + (-146)/73.
347
Let v be (-2)/5 - (-947)/5. Let l = v - 109. Suppose 0 = -2*g - 3*g + l. List the prime factors of g.
2
Let q = -10 + 12. Let c(r) = -r**2 + 5*r + 2. Let o be c(4). List the prime factors of (43 - -5)*q/o.
2
Suppose -70*q = -39*q - 37231. List the prime factors of q.
1201
Let y(w) = -12*w**2 + 2*w - 1. Let v(z) = 23*z**2 - 4*z + 1. Let g(m) = -3*v(m) - 7*y(m). What are the prime factors of g(-3)?
5, 29
Let m(w) = w**2 - 13*w - 4. Suppose 0 = 5*s - s. Let u(d) = d**3 - d**2 - d + 14. Let i be u(s). What are the prime factors of m(i)?
2, 5
Let r(b) be the first derivative of -b**2 + 27*b - 19. List the prime factors of r(0).
3
Suppose 0 = 6*t - 752 - 130. Let i = 234 - t. List the prime factors of i.
3, 29
Suppose 26*b = 20*b + 3708. What are the prime factors of b?
2, 3, 103
Suppose -x = x - 3*k - 13, 0 = -k - 3. Suppose -h - 5*w - 16 = -x, -97 = 5*h - 2*w. Let j = -15 - h. What are the prime factors of j?
2
Let i be -3 + (10 - 2) - 2. Suppose 6*c - 2763 = -i*c. List the prime factors of c.
307
Let q(f) = f**2 + 27*f + 173. List the prime factors of q(-19).
3, 7
Let b(f) be the second derivative of 13*f**3/6 - f**2/2 + f. Let k be -10 + -7*120/(-70). List the prime factors of b(k).
5
Let z(g) = g**2 + 2*g + 13. Let b be z(0). Suppose 4*n + b + 15 = -4*u, -17 = u + 3*n. What are the prime factors of 0 - -17 - (u + -1)?
2, 5
Let u(w) be the third derivative of 211*w**5/60 - w**4/24 + 15*w**2. What are the prime factors of u(1)?
2, 3, 5, 7
Suppose -6*r + 2*r = 0. Suppose -2*f - 2*f = 5*b + 81, 2*b + 5*f + 46 = r. Let j = b + 37. List the prime factors of j.
2, 3
Suppose 5*i = 2*i + 54. Let r be 1*5 - (-93)/3. Let k = r - i. List the prime factors of k.
2, 3
What are the prime factors of (-94960)/(-140) + 8/(-28)*1?
2, 3, 113
Suppose -26 = -j + 2*r, 4*j - 105 + 31 = 2*r. Suppose -2*i = -i - j. Let m = i + -11. List the prime factors of m.
5
Let c = 143 + -102. Let r = 63 + c. What are the prime factors of r?
2, 13
Let i(z) = -z**3 + z**2 - 1. Suppose 0 = -c - 3*c - 8. Let y(r) = r**3 - 6*r**2 - r - 2. Let l(d) = c*i(d) - y(d). What are the prime factors of l(-3)?
2, 5
Let q = 38 + -23. List the prime factors of q.
3, 5
Let y(u) = -22*u + 1. Let j be y(-7). What are the prime factors of (-3)/(j/(-75) + 2)?
3, 5
What are the prime factors of (-3)/((-9)/6)*(-1606)/(-4)?
11, 73
Let p(l) = 37*l - 65. List the prime factors of p(10).
5, 61
Let g = 1424 + -704. What are the prime factors of g?
2, 3, 5
Let f(t) be the third derivative of t**4/8 + t**3/3 - 24*t**2. Let m be (2/3)/(4/6). List the prime factors of f(m).
5
Let a = 350 + -106. List the prime factors of a.
2, 61
Suppose 0 = 4*d - 4*v + 4, -3*d + 5*v - 17 = -d. Let z(x) = -15*x + d + 2 - 5. What are the prime factors of z(-2)?
31
Let b = 459 - 409. Let z = -1 + 4. Suppose -b = j - z*j. List the prime factors of j.
5
Let i(k) = -k - 1. Let h be i(-2). Let v = -296 - -299. Suppose 0 = -v*l - h + 7. List the prime factors of l.
2
Suppose -5*w = -0*w - 20. Suppose 2*o = -3*f + 6*o + 364, 4*f + w*o = 448. What are the prime factors of f?
2, 29
Let o be (0 + -1 + -1)*(15 - -34). What are the prime factors of 24/(-9)*(o + -1)?
2, 3, 11
Let m = -1 + 24. Let d = 97 - m. List the prime factors of d.
2, 37
Let t be -3 + 2 + -20 + 0. Let y be 30/(-20)*(140/3)/(-2). Let n = t + y. What are the prime factors of n?
2, 7
Suppose 4*t - 1573 = -5*n, -4*n + 1181 = 3*t + n. Suppose -392 - t = -8*v. List the prime factors of v.
2, 7
Suppose 468 + 711 = -5*b - 4*f, 5*b - 2*f = -1203. Let i = b + 118. Let t = 171 + i. List the prime factors of t.
2, 5
Let g(z) = 5 - z**2 - 7*z - 3*z - z. Let k be g(-5). Let i = 8 + k. What are the prime factors of i?
43
Let q(r) = 5*r**2 + r - 2. Suppose 5*h - 32 = 2*g - 3*g, -3*g = -h + 16. Suppose s + 5 - h = 0. List the prime factors of q(s).
2, 5
Let l be (31*3)/(15/(-40)*-4). List the prime factors of 1*(1 + -4 + l).
59
Let n = -14 - -65. Let d(q) = -q**2 - 10*q - 17. Let g be d(-7). Suppose g*c = 113 + n. List the prime factors of c.
41
Suppose 0 = 3*n - 8*n. Suppose -3*m = -5*d + 9, n = -m + 5*d - 3*d - 4. Suppose -2*w = r - 42, 0 = 4*r - m*w + 4*w - 156. List the prime factors of r.
2, 19
Suppose -3*x + 8 = s, 0*s - 20 = 5*s. Suppose -x = -2*k, -4*l + 2*k + 64 = -36. What are the prime factors of l?
2, 13
Let l(g) = 3*g**2 - g + 1331. What are the prime factors of l(0)?
11
Let u = -2251 - -3820. What are the prime factors of u?
3, 523
Let v = -2920 - -5029. What are the prime factors of v?
3, 19, 37
Let c(i) = i**3 - 9*i**2 - 2*i - 7. Let g be c(9). Suppose 0 = -2*s - 2*s + 4. Let m = s - g. What are the prime factors of m?
2, 13
Suppose -i + 3*s + 6 + 10 = 0, -4 = -4*s. What are the prime factors of i?
19
Let n = -12 - -15. Let p(j) = 4*j - 5. What are the prime factors of p(n)?
7
Let k be ((-15)/(-9))/(6/18). Suppose -2*h - 15 = -k*h. Suppose -148 = 3*q - h*q + 2*l, 4*l = 3*q - 225. List the prime factors of q.
71
Let s = -38 + 24. Let t be s - 4/(-1*4). Let a = -2 - t. List the prime factors of a.
11
List the prime factors of (-5)/25 + 5705/25.
2, 3, 19
Let q be 110 - 0/(-3 - 1). Suppose -5*f + q = -55. What are the prime factors of f?
3, 11
Let f(a) = a**3 